{"id":1240,"date":"2025-01-23T20:30:12","date_gmt":"2025-01-23T20:30:12","guid":{"rendered":"https:\/\/poradnikslubny.pl\/?post_type=product&#038;p=1240"},"modified":"2025-01-23T20:30:20","modified_gmt":"2025-01-23T20:30:20","slug":"planner-slubny","status":"publish","type":"product","link":"https:\/\/poradnikslubny.pl\/?product=planner-slubny","title":{"rendered":"Planner \u015blubny"},"content":{"rendered":"<p>Nasz Planner \u015blubny to autorski produkt, kt\u00f3ry jest doskona\u0142ym narz\u0119dziem dla par planuj\u0105cych sw\u00f3j \u015blub. Zaprojektowany na bazie ponad 5 lat do\u015bwiadcze\u0144 naszych wedding planner\u00f3w, pomo\u017ce Wam usystematyzowa\u0107 dzia\u0142ania zwi\u0105zane z organizacj\u0105 \u015blubu i wesela.<\/p>\n<p>Nasz Planner jest zaprojektowany w minimalistycznym stylu. Zawiera list\u0119 spraw, dzi\u0119ki kt\u00f3rej dowiecie si\u0119, kiedy nale\u017cy zaj\u0105\u0107 si\u0119 konkretnymi zadaniami: od momentu zar\u0119czyn, a\u017c po dzie\u0144 \u015blubu. Wierzymy, \u017ce posortowane w ten spos\u00f3b zadania nie tylko u\u0142atwi\u0105 Wam przygotowania, ale tak\u017ce zainspiruj\u0105 Was do g\u0142\u0119bszych przemy\u015ble\u0144 i stworzenia wymarzonego \u015blubu w stylu slow.<\/p>\n<p>Nasz Planner \u015blubny to doskona\u0142e rozwi\u0105zanie je\u015bli chcecie upewni\u0107 si\u0119, \u017ce Wasz \u015blub jest dok\u0142adnie takim, jaki sobie wymarzyli\u015bcie. Dzi\u0119ki temu narz\u0119dziu, \u0142atwiej b\u0119dzie Wam unikn\u0105\u0107 chaosu i stresu, kt\u00f3re cz\u0119sto pojawiaj\u0105 si\u0119 podczas planowania \u015blubu. Chcemy, aby korzystanie z Plannera, pozwoli\u0142o Wam skupi\u0107 si\u0119 na \u015bwiadomym przygotowaniu si\u0119 do zawarcia ma\u0142\u017ce\u0144stwa oraz celebrowaniu dnia \u015blubu. Powodzenia!<\/p>\n","protected":false},"excerpt":{"rendered":"<p>Nasz Planner \u015blubny to autorski produkt, kt\u00f3ry jest doskona\u0142ym narz\u0119dziem dla par planuj\u0105cych sw\u00f3j \u015blub. Zaprojektowany na bazie ponad 5 lat do\u015bwiadcze\u0144 naszych wedding planner\u00f3w, pomo\u017ce Wam usystematyzowa\u0107 dzia\u0142ania zwi\u0105zane z organizacj\u0105 \u015blubu i wesela.<\/p>\n","protected":false},"featured_media":1245,"comment_status":"open","ping_status":"closed","template":"","meta":{"ocean_post_layout":"","ocean_both_sidebars_style":"","ocean_both_sidebars_content_width":0,"ocean_both_sidebars_sidebars_width":0,"ocean_sidebar":"","ocean_second_sidebar":"","ocean_disable_margins":"enable","ocean_add_body_class":"","ocean_shortcode_before_top_bar":"","ocean_shortcode_after_top_bar":"","ocean_shortcode_before_header":"","ocean_shortcode_after_header":"","ocean_has_shortcode":"","ocean_shortcode_after_title":"","ocean_shortcode_before_footer_widgets":"","ocean_shortcode_after_footer_widgets":"","ocean_shortcode_before_footer_bottom":"","ocean_shortcode_after_footer_bottom":"","ocean_display_top_bar":"default","ocean_display_header":"default","ocean_header_style":"","ocean_center_header_left_menu":"","ocean_custom_header_template":"","ocean_custom_logo":0,"ocean_custom_retina_logo":0,"ocean_custom_logo_max_width":0,"ocean_custom_logo_tablet_max_width":0,"ocean_custom_logo_mobile_max_width":0,"ocean_custom_logo_max_height":0,"ocean_custom_logo_tablet_max_height":0,"ocean_custom_logo_mobile_max_height":0,"ocean_header_custom_menu":"","ocean_menu_typo_font_family":"","ocean_menu_typo_font_subset":"","ocean_menu_typo_font_size":0,"ocean_menu_typo_font_size_tablet":0,"ocean_menu_typo_font_size_mobile":0,"ocean_menu_typo_font_size_unit":"px","ocean_menu_typo_font_weight":"","ocean_menu_typo_font_weight_tablet":"","ocean_menu_typo_font_weight_mobile":"","ocean_menu_typo_transform":"","ocean_menu_typo_transform_tablet":"","ocean_menu_typo_transform_mobile":"","ocean_menu_typo_line_height":0,"ocean_menu_typo_line_height_tablet":0,"ocean_menu_typo_line_height_mobile":0,"ocean_menu_typo_line_height_unit":"","ocean_menu_typo_spacing":0,"ocean_menu_typo_spacing_tablet":0,"ocean_menu_typo_spacing_mobile":0,"ocean_menu_typo_spacing_unit":"","ocean_menu_link_color":"","ocean_menu_link_color_hover":"","ocean_menu_link_color_active":"","ocean_menu_link_background":"","ocean_menu_link_hover_background":"","ocean_menu_link_active_background":"","ocean_menu_social_links_bg":"","ocean_menu_social_hover_links_bg":"","ocean_menu_social_links_color":"","ocean_menu_social_hover_links_color":"","ocean_disable_title":"default","ocean_disable_heading":"default","ocean_post_title":"","ocean_post_subheading":"","ocean_post_title_style":"","ocean_post_title_background_color":"","ocean_post_title_background":0,"ocean_post_title_bg_image_position":"","ocean_post_title_bg_image_attachment":"","ocean_post_title_bg_image_repeat":"","ocean_post_title_bg_image_size":"","ocean_post_title_height":0,"ocean_post_title_bg_overlay":0.5,"ocean_post_title_bg_overlay_color":"","ocean_disable_breadcrumbs":"default","ocean_breadcrumbs_color":"","ocean_breadcrumbs_separator_color":"","ocean_breadcrumbs_links_color":"","ocean_breadcrumbs_links_hover_color":"","ocean_display_footer_widgets":"default","ocean_display_footer_bottom":"default","ocean_custom_footer_template":""},"product_brand":[],"product_cat":[22],"product_tag":[23],"class_list":{"0":"post-1240","1":"product","2":"type-product","3":"status-publish","4":"has-post-thumbnail","6":"product_cat-e-book","7":"product_tag-pdf","9":"entry","10":"has-media","12":"first","13":"instock","14":"featured","15":"downloadable","16":"virtual","17":"purchasable","18":"product-type-simple","19":"has-product-nav","20":"col","21":"span_1_of_3","22":"owp-content-center","23":"owp-thumbs-layout-horizontal","24":"owp-btn-normal","25":"owp-tabs-layout-horizontal","26":"has-no-thumbnails"},"_links":{"self":[{"href":"https:\/\/poradnikslubny.pl\/index.php?rest_route=\/wp\/v2\/product\/1240","targetHints":{"allow":["GET"]}}],"collection":[{"href":"https:\/\/poradnikslubny.pl\/index.php?rest_route=\/wp\/v2\/product"}],"about":[{"href":"https:\/\/poradnikslubny.pl\/index.php?rest_route=\/wp\/v2\/types\/product"}],"replies":[{"embeddable":true,"href":"https:\/\/poradnikslubny.pl\/index.php?rest_route=%2Fwp%2Fv2%2Fcomments&post=1240"}],"wp:featuredmedia":[{"embeddable":true,"href":"https:\/\/poradnikslubny.pl\/index.php?rest_route=\/wp\/v2\/media\/1245"}],"wp:attachment":[{"href":"https:\/\/poradnikslubny.pl\/index.php?rest_route=%2Fwp%2Fv2%2Fmedia&parent=1240"}],"wp:term":[{"taxonomy":"product_brand","embeddable":true,"href":"https:\/\/poradnikslubny.pl\/index.php?rest_route=%2Fwp%2Fv2%2Fproduct_brand&post=1240"},{"taxonomy":"product_cat","embeddable":true,"href":"https:\/\/poradnikslubny.pl\/index.php?rest_route=%2Fwp%2Fv2%2Fproduct_cat&post=1240"},{"taxonomy":"product_tag","embeddable":true,"href":"https:\/\/poradnikslubny.pl\/index.php?rest_route=%2Fwp%2Fv2%2Fproduct_tag&post=1240"}],"curies":[{"name":"wp","href":"https:\/\/api.w.org\/{rel}","templated":true}]}}