{"id":1241,"date":"2025-01-23T20:30:12","date_gmt":"2025-01-23T20:30:12","guid":{"rendered":"https:\/\/poradnikslubny.pl\/?post_type=product&#038;p=1241"},"modified":"2025-01-23T20:30:24","modified_gmt":"2025-01-23T20:30:24","slug":"slow-wedding","status":"publish","type":"product","link":"https:\/\/poradnikslubny.pl\/?product=slow-wedding","title":{"rendered":"SLOW WEDDING"},"content":{"rendered":"<p><em>&#8222;Slow Wedding \u2013 Odkryj Sztuk\u0119 \u015awi\u0119towania Bez Po\u015bpiechu&#8221;<\/em><\/p>\n<p>W dobie pr\u0119dko\u015bci, po\u015bpiechu i nieustannego gonienia za perfekcj\u0105, pojawia si\u0119 pytanie \u2013 czy \u015blub musi by\u0107 zwi\u0105zany z presj\u0105 i stresem? Odpowied\u017a brzmi: nie! I w\u0142a\u015bnie o tym opowiada niniejszy ebook &#8222;Slow Wedding&#8221;.<\/p>\n<p>Za pomoc\u0105 tej poradnikowej ksi\u0105\u017cki, Para M\u0142oda nauczy si\u0119 kulturowej sztuki \u015bwi\u0119towania \u015blubu w spokojnej, zr\u00f3wnowa\u017conej atmosferze, doceniaj\u0105c drobnostki, kt\u00f3re czyni\u0105 ten dzie\u0144 wyj\u0105tkowym. Dzi\u0119ki wskaz\u00f3wkom zawartym w ebooku, zdob\u0119dziesz narz\u0119dzia, aby zaplanowa\u0107 \u015blub zgodnie z filozofi\u0105 \u201eslow\u201d, zamiast przejmowa\u0107 si\u0119 niepotrzebnym stresem i presj\u0105.<\/p>\n<ul>\n<li>Poznaj histori\u0119 i warto\u015bci le\u017c\u0105ce u podstaw ruchu \u201eslow\u201d.<\/li>\n<li>Odkryj, jak \u015blub mo\u017ce sta\u0107 si\u0119 chwil\u0105 pe\u0142n\u0105 autentyczno\u015bci, nie za\u015b wy\u015bcigiem z czasem.<\/li>\n<li>Naucz si\u0119 rozpoznawa\u0107, co jest naprawd\u0119 wa\u017cne dla was jako pary, a nie tylko spe\u0142nia oczekiwania innych.<\/li>\n<\/ul>\n<p>Wyrusz w podr\u00f3\u017c po \u015blubnych przygotowaniach, w kt\u00f3rych liczy si\u0119 jako\u015b\u0107, a nie ilo\u015b\u0107. Zyskaj cenne porady, jak zorganizowa\u0107 ceremoni\u0119 i przyj\u0119cie, kt\u00f3re b\u0119d\u0105 prawdziwym odzwierciedleniem waszych warto\u015bci i temperamentu, daj\u0105c wam przestrze\u0144 do pe\u0142nego do\u015bwiadczenia tego magicznego dnia bez niepotrzebnego po\u015bpiechu.<\/p>\n<p>Daj sobie szans\u0119 na \u015blub, kt\u00f3ry zostanie z wami na zawsze, nie tylko na zdj\u0119ciach, ale przede wszystkim w sercu. &#8222;Slow Wedding&#8221; to przepustka do \u015bwiata, gdzie czas zwalnia, a mi\u0142o\u015b\u0107 nabiera g\u0142\u0119bszego wymiaru. Wybierz \u015bcie\u017ck\u0119 \u015bwiadomego \u015bwi\u0119towania i pozw\u00f3l sobie na \u015blub marze\u0144 bez zb\u0119dnego stresu.<\/p>\n","protected":false},"excerpt":{"rendered":"<p>&#8222;Slow Wedding \u2013 Odkryj Sztuk\u0119 \u015awi\u0119towania Bez Po\u015bpiechu&#8221; W dobie pr\u0119dko\u015bci, po\u015bpiechu i nieustannego gonienia za perfekcj\u0105, pojawia si\u0119 pytanie \u2013 czy \u015blub musi by\u0107 zwi\u0105zany z presj\u0105 i stresem? Odpowied\u017a brzmi: nie! I w\u0142a\u015bnie o tym opowiada niniejszy ebook &#8222;Slow Wedding&#8221;. Za pomoc\u0105 tej poradnikowej ksi\u0105\u017cki, Para M\u0142oda nauczy si\u0119 kulturowej sztuki \u015bwi\u0119towania \u015blubu [&hellip;]<\/p>\n","protected":false},"featured_media":1246,"comment_status":"open","ping_status":"closed","template":"","meta":{"ocean_post_layout":"","ocean_both_sidebars_style":"","ocean_both_sidebars_content_width":0,"ocean_both_sidebars_sidebars_width":0,"ocean_sidebar":"","ocean_second_sidebar":"","ocean_disable_margins":"enable","ocean_add_body_class":"","ocean_shortcode_before_top_bar":"","ocean_shortcode_after_top_bar":"","ocean_shortcode_before_header":"","ocean_shortcode_after_header":"","ocean_has_shortcode":"","ocean_shortcode_after_title":"","ocean_shortcode_before_footer_widgets":"","ocean_shortcode_after_footer_widgets":"","ocean_shortcode_before_footer_bottom":"","ocean_shortcode_after_footer_bottom":"","ocean_display_top_bar":"default","ocean_display_header":"default","ocean_header_style":"","ocean_center_header_left_menu":"","ocean_custom_header_template":"","ocean_custom_logo":0,"ocean_custom_retina_logo":0,"ocean_custom_logo_max_width":0,"ocean_custom_logo_tablet_max_width":0,"ocean_custom_logo_mobile_max_width":0,"ocean_custom_logo_max_height":0,"ocean_custom_logo_tablet_max_height":0,"ocean_custom_logo_mobile_max_height":0,"ocean_header_custom_menu":"","ocean_menu_typo_font_family":"","ocean_menu_typo_font_subset":"","ocean_menu_typo_font_size":0,"ocean_menu_typo_font_size_tablet":0,"ocean_menu_typo_font_size_mobile":0,"ocean_menu_typo_font_size_unit":"px","ocean_menu_typo_font_weight":"","ocean_menu_typo_font_weight_tablet":"","ocean_menu_typo_font_weight_mobile":"","ocean_menu_typo_transform":"","ocean_menu_typo_transform_tablet":"","ocean_menu_typo_transform_mobile":"","ocean_menu_typo_line_height":0,"ocean_menu_typo_line_height_tablet":0,"ocean_menu_typo_line_height_mobile":0,"ocean_menu_typo_line_height_unit":"","ocean_menu_typo_spacing":0,"ocean_menu_typo_spacing_tablet":0,"ocean_menu_typo_spacing_mobile":0,"ocean_menu_typo_spacing_unit":"","ocean_menu_link_color":"","ocean_menu_link_color_hover":"","ocean_menu_link_color_active":"","ocean_menu_link_background":"","ocean_menu_link_hover_background":"","ocean_menu_link_active_background":"","ocean_menu_social_links_bg":"","ocean_menu_social_hover_links_bg":"","ocean_menu_social_links_color":"","ocean_menu_social_hover_links_color":"","ocean_disable_title":"default","ocean_disable_heading":"default","ocean_post_title":"","ocean_post_subheading":"","ocean_post_title_style":"","ocean_post_title_background_color":"","ocean_post_title_background":0,"ocean_post_title_bg_image_position":"","ocean_post_title_bg_image_attachment":"","ocean_post_title_bg_image_repeat":"","ocean_post_title_bg_image_size":"","ocean_post_title_height":0,"ocean_post_title_bg_overlay":0.5,"ocean_post_title_bg_overlay_color":"","ocean_disable_breadcrumbs":"default","ocean_breadcrumbs_color":"","ocean_breadcrumbs_separator_color":"","ocean_breadcrumbs_links_color":"","ocean_breadcrumbs_links_hover_color":"","ocean_display_footer_widgets":"default","ocean_display_footer_bottom":"default","ocean_custom_footer_template":""},"product_brand":[],"product_cat":[22],"product_tag":[23],"class_list":{"0":"post-1241","1":"product","2":"type-product","3":"status-publish","4":"has-post-thumbnail","6":"product_cat-e-book","7":"product_tag-pdf","9":"entry","10":"has-media","12":"first","13":"instock","14":"featured","15":"downloadable","16":"virtual","17":"purchasable","18":"product-type-simple","19":"has-product-nav","20":"col","21":"span_1_of_3","22":"owp-content-center","23":"owp-thumbs-layout-horizontal","24":"owp-btn-normal","25":"owp-tabs-layout-horizontal","26":"has-no-thumbnails"},"_links":{"self":[{"href":"https:\/\/poradnikslubny.pl\/index.php?rest_route=\/wp\/v2\/product\/1241","targetHints":{"allow":["GET"]}}],"collection":[{"href":"https:\/\/poradnikslubny.pl\/index.php?rest_route=\/wp\/v2\/product"}],"about":[{"href":"https:\/\/poradnikslubny.pl\/index.php?rest_route=\/wp\/v2\/types\/product"}],"replies":[{"embeddable":true,"href":"https:\/\/poradnikslubny.pl\/index.php?rest_route=%2Fwp%2Fv2%2Fcomments&post=1241"}],"wp:featuredmedia":[{"embeddable":true,"href":"https:\/\/poradnikslubny.pl\/index.php?rest_route=\/wp\/v2\/media\/1246"}],"wp:attachment":[{"href":"https:\/\/poradnikslubny.pl\/index.php?rest_route=%2Fwp%2Fv2%2Fmedia&parent=1241"}],"wp:term":[{"taxonomy":"product_brand","embeddable":true,"href":"https:\/\/poradnikslubny.pl\/index.php?rest_route=%2Fwp%2Fv2%2Fproduct_brand&post=1241"},{"taxonomy":"product_cat","embeddable":true,"href":"https:\/\/poradnikslubny.pl\/index.php?rest_route=%2Fwp%2Fv2%2Fproduct_cat&post=1241"},{"taxonomy":"product_tag","embeddable":true,"href":"https:\/\/poradnikslubny.pl\/index.php?rest_route=%2Fwp%2Fv2%2Fproduct_tag&post=1241"}],"curies":[{"name":"wp","href":"https:\/\/api.w.org\/{rel}","templated":true}]}}